{"id":955,"date":"2017-01-02T10:14:27","date_gmt":"2017-01-02T10:14:27","guid":{"rendered":"http:\/\/www.damienanres.com\/damanres\/?page_id=955"},"modified":"2019-05-09T06:14:43","modified_gmt":"2019-05-09T06:14:43","slug":"videos-clips","status":"publish","type":"page","link":"https:\/\/www.damienanres.com\/damanres\/videos-clips\/","title":{"rendered":"VID\u00c9OS &#8211; CLIPS \u2026"},"content":{"rendered":"<p>Vid\u00e9o-clip r\u00e9alis\u00e9 pour la musique de Frank Cronogue : \u00ab BedRoom for Sale \u00bb :<\/p>\n<p><iframe loading=\"lazy\" title=\"Bedroom Sale by Tiny Triumphs  (HD)\" width=\"600\" height=\"338\" src=\"https:\/\/www.youtube.com\/embed\/fj-ggquFHWM?feature=oembed\" frameborder=\"0\" allow=\"accelerometer; autoplay; clipboard-write; encrypted-media; gyroscope; picture-in-picture; web-share\" referrerpolicy=\"strict-origin-when-cross-origin\" allowfullscreen><\/iframe><\/p>\n<p>Vid\u00e9o-clip r\u00e9alis\u00e9 pour la musique de Frank Cronogue : \u00ab The Smell of a Black Rose \u00bb :<\/p>\n<p><iframe loading=\"lazy\" title=\"The Spell Of A Black Rose (HD Version)\" width=\"600\" height=\"338\" src=\"https:\/\/www.youtube.com\/embed\/HUbXv6J72YQ?feature=oembed\" frameborder=\"0\" allow=\"accelerometer; autoplay; clipboard-write; encrypted-media; gyroscope; picture-in-picture; web-share\" referrerpolicy=\"strict-origin-when-cross-origin\" allowfullscreen><\/iframe><\/p>\n<p>Vid\u00e9o-clip r\u00e9alis\u00e9 pour la musique de Frank Cronogue : \u00ab Circuit Break \u00bb :<\/p>\n<p><iframe loading=\"lazy\" title=\"Chemical Dysfunction - Circuit Break\" width=\"600\" height=\"338\" src=\"https:\/\/www.youtube.com\/embed\/V7F655iX0-U?feature=oembed\" frameborder=\"0\" allow=\"accelerometer; autoplay; clipboard-write; encrypted-media; gyroscope; picture-in-picture; web-share\" referrerpolicy=\"strict-origin-when-cross-origin\" allowfullscreen><\/iframe><\/p>\n","protected":false},"excerpt":{"rendered":"<p>Vid&eacute;o-clip r&eacute;alis&eacute; pour la musique de Frank Cronogue : &laquo; BedRoom for Sale &raquo; : Vid&eacute;o-clip r&eacute;alis&eacute; pour la musique de Frank Cronogue : &laquo; The Smell of a Black Rose &raquo; : Vid&eacute;o-clip r&eacute;alis&eacute; pour la musique de Frank Cronogue : &laquo; Circuit Break &raquo; :<\/p>\n","protected":false},"author":1,"featured_media":1823,"parent":0,"menu_order":0,"comment_status":"closed","ping_status":"closed","template":"","meta":{"footnotes":""},"class_list":["post-955","page","type-page","status-publish","has-post-thumbnail","hentry"],"_links":{"self":[{"href":"https:\/\/www.damienanres.com\/damanres\/wp-json\/wp\/v2\/pages\/955","targetHints":{"allow":["GET"]}}],"collection":[{"href":"https:\/\/www.damienanres.com\/damanres\/wp-json\/wp\/v2\/pages"}],"about":[{"href":"https:\/\/www.damienanres.com\/damanres\/wp-json\/wp\/v2\/types\/page"}],"author":[{"embeddable":true,"href":"https:\/\/www.damienanres.com\/damanres\/wp-json\/wp\/v2\/users\/1"}],"replies":[{"embeddable":true,"href":"https:\/\/www.damienanres.com\/damanres\/wp-json\/wp\/v2\/comments?post=955"}],"version-history":[{"count":4,"href":"https:\/\/www.damienanres.com\/damanres\/wp-json\/wp\/v2\/pages\/955\/revisions"}],"predecessor-version":[{"id":1631,"href":"https:\/\/www.damienanres.com\/damanres\/wp-json\/wp\/v2\/pages\/955\/revisions\/1631"}],"wp:featuredmedia":[{"embeddable":true,"href":"https:\/\/www.damienanres.com\/damanres\/wp-json\/wp\/v2\/media\/1823"}],"wp:attachment":[{"href":"https:\/\/www.damienanres.com\/damanres\/wp-json\/wp\/v2\/media?parent=955"}],"curies":[{"name":"wp","href":"https:\/\/api.w.org\/{rel}","templated":true}]}}